{"id":8161,"date":"2023-01-17T13:25:13","date_gmt":"2023-01-17T12:25:13","guid":{"rendered":"https:\/\/osobdravinji.splet.arnes.si\/?page_id=8161"},"modified":"2023-04-06T10:36:27","modified_gmt":"2023-04-06T08:36:27","slug":"fit4kid","status":"publish","type":"page","link":"https:\/\/www.obdravinji.si\/?page_id=8161","title":{"rendered":"FIT4KID"},"content":{"rendered":"\n<figure class=\"wp-block-table aligncenter\"><table><tbody><tr><td class=\"has-text-align-center\" data-align=\"center\"><img decoding=\"async\" src=\"https:\/\/www.obdravinji.si\/files\/2023\/01\/fitint.gif\" alt=\"\"><\/td><td class=\"has-text-align-center\" data-align=\"center\"><img loading=\"lazy\" decoding=\"async\" src=\"https:\/\/www.obdravinji.si\/files\/2023\/01\/FIT.jpg\" alt=\"\" width=\"349\" height=\"213\"><\/td><\/tr><\/tbody><\/table><\/figure>\n\n\n\n<p class=\"has-luminous-vivid-orange-color has-text-color has-large-font-size\"><strong>Fit pedagogika&#8230; za prihodnost na\u0161ih otrok<\/strong><\/p>\n\n\n\n<p class=\"has-vivid-cyan-blue-color has-text-color\">Sodobna strategija u\u010denja in pou\u010devanja, katere temelj se skriva v besedi Fit (biti v dobri psihofizi\u010dni kondiciji). Zajema u\u010dne pristope, s katerimi dosegamo pri u\u010de\u010demu v procesu u\u010denja psihofizi\u010dno ravnovesje in s tem omogo\u010damo kakovostnej\u0161e u\u010denje. Fit pedagogika postavlja v ospredje u\u010denje v gibanju, gibanje skozi igro in funkcionalno raven znanja. V u\u010dne metode vklju\u010duje vse vidike posameznikovega razvoja, tako motori\u010dnega, kognitivnega, osebnostnega, socialnega, \u010dustvenega in telesnega. Razvoj in u\u010denje otrok poteka celostno in zahteva harmoni\u010den pristop k vsem omenjenim podro\u010djem, prav ta pristop pa je v ospredju pri filozofiji Fit pedagogike, saj se pomanjkanje spodbud na posameznem podro\u010dju posledi\u010dno odra\u017ea tudi na ostalih podro\u010djih otrokovega razvoja. Strategija u\u010denja v gibanju se, kot \u017ee omenjeno prepleta z igro, ki je naju\u010dinkovitej\u0161a metoda u\u010denja, saj u\u010de\u010de vabi v aktivno raziskovanje lastnih gibalnih zmo\u017enosti. Ko se otroci in mladostniki skozi igro u\u010dijo gibati, se hkrati skozi gibanje u\u010dijo. Tako rastejo v sposobnej\u0161e osebe, i\u0161\u010dejo re\u0161itve, se u\u010dijo razmi\u0161ljati in izzivajo svojo ustvarjalnost. Glavna cilja Fit pedagogike sta tako zdrav, celostni razvoj in doseganje bolj\u0161ih u\u010dnih rezultatov otrok in mladostnikov.<\/p>\n\n\n\n<p class=\"has-vivid-green-cyan-color has-text-color\">Fit pedagogika temelji na u\u010denju v gibanju in strategijah u\u010denja (aktivno, asociativno, primerjalno, izkustveno, celostno, sodelovalno in kriti\u010dno u\u010denje), fiziologiji, nevroznanosti in izobra\u017eevalni nevroznanosti ter i\u0161\u010de svoje specifi\u010dne karakteristike v razvojnih posebnostih otroka in mladostnika ter v njem samem, saj iz njega izhaja. Ne izpostavlja neuspehov, temve\u010d poudarja pomembnost majhnih uspehov. Dose\u017eki otrok in mladostnikov se namre\u010d za\u010dnejo \u017ee s &#8220;pripravljenostjo poizkusiti&#8221;. Sami se preizku\u0161ajo, u\u010dijo na re\u0161evanju napak, raziskujejo svoje lastne sposobnosti in omejitve, kar jih vodi k obvladovanju razli\u010dnih nalog. Poleg vsega navedenega pa je Fit pedagogika sodobna, dinami\u010dna, inovativna, zabavna, pestra, motivacijska, zdrava in pozitivna u\u010dna strategija.<\/p>\n\n\n\n<p class=\"has-luminous-vivid-amber-color has-text-color\">Pozitivni u\u010dinki Fit pedagogike so ve\u010dplastni. Otrok in mladostnik do\u017eivljata ugodje ob u\u010denju v gibanju, saj je spodbujena njuna naravna potreba po gibanju, sodelovanju z vrstniki in odraslimi, obenem sta visoko motivirana, osredoto\u010dena in skoncentrirana. Fit pedagogika ohranja otrokov raziskovalni duh, mu daje mo\u017enost za ustvarjalnost, spodbuja k iskanju lastnih re\u0161itev, ga u\u010di razmi\u0161ljati, obenem pa sledi njegovemu naravnemu celostnemu razvoju, upo\u0161teva razvojna kriti\u010dna obdobja in ohranja njegovo pripravljenost ter navdu\u0161enje za sodelovanje.<\/p>\n\n\n\n<p class=\"has-vivid-red-color has-text-color\">Vloga u\u010ditelja v procesu otrokovega razvoja in u\u010denja je izjemno kompleksna, zahtevna in odgovorna. Pri Fit pedagogiki so u\u010ditelji mentorji, ki z otroki in mladostniki sodelujejo, kar velja tudi obratno, da u\u010ditelji z njimi sodelujejo. \u010ce bi se poljudno izrazili, so tekom u\u010dnega procesa u\u010ditelji re\u017eiserji, u\u010denci pa glavni igralci. Na tak na\u010din oboji pridobivajo in dozorevajo. Vsi u\u010diteljevi ukrepi pa so naravnani k oblikovanju pozitivnih stali\u0161\u010d do u\u010denja ter morajo podpirati oblikovanje pozitivne samopodobe in prijateljskega odnosa do so\u0161olcev (otroci znajo poiskati in dati pomo\u010d). To je pot s katero bomo skupaj dosegli u\u010dinkovitost in napredek, na\u0161i otroci pa bodo zrasli v samozavestne, zadovoljne, zrele in zdrave osebe z visoko stopnjo funkcionalnega znanja.<\/p>\n\n\n<div class=\"wp-block-image\">\n<figure class=\"aligncenter size-large is-resized\"><img loading=\"lazy\" decoding=\"async\" src=\"https:\/\/www.obdravinji.si\/files\/2023\/03\/Picture-1-667x1024.jpg\" alt=\"\" class=\"wp-image-8551\" width=\"413\" height=\"634\" srcset=\"https:\/\/www.obdravinji.si\/files\/2023\/03\/Picture-1-667x1024.jpg 667w, https:\/\/www.obdravinji.si\/files\/2023\/03\/Picture-1-195x300.jpg 195w, https:\/\/www.obdravinji.si\/files\/2023\/03\/Picture-1-624x959.jpg 624w, https:\/\/www.obdravinji.si\/files\/2023\/03\/Picture-1.jpg 720w\" sizes=\"auto, (max-width: 413px) 100vw, 413px\" \/><\/figure>\n<\/div>\n\n\n<p><a href=\"https:\/\/www.fitinternational-conference.si\/index.php\/sl\/contact-2\/2-fit4kid-mednarodna-znanstvena-konferenca\">2. FIT4KID MEDNARODNA ZNANSTVENA KONFERENCA 2023<\/a><\/p>\n\n\n\n<p class=\"has-luminous-vivid-orange-color has-text-color has-large-font-size\"><strong>FIT4KID HIMNA &#8211; Slovenska verzija<\/strong><\/p>\n\n\n\n<figure class=\"wp-block-audio\"><audio controls src=\"https:\/\/www.obdravinji.si\/files\/2023\/04\/Fit-Himna-Master2-SLO.mp3\"><\/audio><\/figure>\n\n\n\n<p class=\"has-luminous-vivid-orange-color has-text-color has-large-font-size\"><strong><strong>FIT4KID HIMNA &#8211; Angle\u0161ka verzija<\/strong><\/strong><\/p>\n\n\n\n<figure class=\"wp-block-audio\"><audio controls src=\"https:\/\/www.obdravinji.si\/files\/2023\/04\/Fit-Himna-Master-ENG.mp3\"><\/audio><\/figure>\n\n\n\n<figure class=\"wp-block-table aligncenter\"><table><tbody><tr><td><img loading=\"lazy\" decoding=\"async\" src=\"https:\/\/www.obdravinji.si\/files\/2023\/03\/2.jpg\" alt=\"\" width=\"350\" height=\"488\"><\/td><td><img loading=\"lazy\" decoding=\"async\" src=\"https:\/\/www.obdravinji.si\/files\/2023\/03\/IMG_1330-712x1024.jpg\" alt=\"\" width=\"341\" height=\"490\"><\/td><\/tr><\/tbody><\/table><\/figure>\n\n\n\n<p class=\"has-vivid-red-color has-luminous-vivid-amber-background-color has-text-color has-background\"><strong>FAM &#8211; FIT AKTIVNE METODE<\/strong><\/p>\n\n\n\n<p class=\"has-vivid-red-color has-text-color\"><strong>FIT AKTIVNA METODA je oblika u\u010denja v gibanju.<\/strong><\/p>\n\n\n\n<p><strong>Pri u\u010dencu pove\u010da koncentracijo, osredoto\u010denost in motivacijo za u\u010denje.<\/strong><\/p>\n\n\n\n<p>Vklju\u010duje oblike asociativnega, primerjalnega, sodelovalnega, izku\u0161enjskega in drugih oblik aktivnega u\u010denja.<\/p>\n\n\n\n<p class=\"has-vivid-red-color has-luminous-vivid-amber-background-color has-text-color has-background\"><strong>FHS &#8211; FIT HITRE STIMULACIJE<\/strong><\/p>\n\n\n\n<p class=\"has-vivid-red-color has-text-color\"><strong>FIT hitra stimulacija je kratkotrajna telesna dejavnost, ki traja od 1 do 3 minut.<\/strong><\/p>\n\n\n\n<p>Omogo\u010da psiho-fizi\u010dno sprostitev, vzpodbudi sr\u010dno-\u017eilni in dihalni sistem ter s tem pripravi telo na nadaljnje psiho-fizi\u010dne obremenitve.<\/p>\n\n\n\n<p>Pove\u010da <strong>OSREDOTO\u010cENOST in KONCENTRACIJO<\/strong>, zmanj\u0161a mo\u017enost za nastanek negativnih \u010dustvenih situacij in omogo\u010da vzpostavitev \u010dustvenega ravnovesja.<\/p>\n\n\n\n<figure class=\"wp-block-embed is-type-video is-provider-youtube wp-block-embed-youtube wp-embed-aspect-16-9 wp-has-aspect-ratio\"><div class=\"wp-block-embed__wrapper\">\n<iframe loading=\"lazy\" title=\"FIT4KID\" width=\"887\" height=\"499\" src=\"https:\/\/www.youtube.com\/embed\/aJRfln4Hb64?feature=oembed\" frameborder=\"0\" allow=\"accelerometer; autoplay; clipboard-write; encrypted-media; gyroscope; picture-in-picture; web-share\" allowfullscreen><\/iframe>\n<\/div><\/figure>\n\n\n\n<figure class=\"wp-block-gallery has-nested-images columns-default is-cropped wp-block-gallery-1 is-layout-flex wp-block-gallery-is-layout-flex\">\n<figure class=\"wp-block-image size-full\"><a href=\"https:\/\/www.obdravinji.si\/files\/2023\/03\/IMG_1251-scaled.jpg\"><img loading=\"lazy\" decoding=\"async\" width=\"2560\" height=\"1920\" data-id=\"8569\" src=\"https:\/\/www.obdravinji.si\/files\/2023\/03\/IMG_1251-scaled.jpg\" alt=\"\" class=\"wp-image-8569\" srcset=\"https:\/\/www.obdravinji.si\/files\/2023\/03\/IMG_1251-scaled.jpg 2560w, https:\/\/www.obdravinji.si\/files\/2023\/03\/IMG_1251-300x225.jpg 300w, https:\/\/www.obdravinji.si\/files\/2023\/03\/IMG_1251-1024x768.jpg 1024w, https:\/\/www.obdravinji.si\/files\/2023\/03\/IMG_1251-768x576.jpg 768w, https:\/\/www.obdravinji.si\/files\/2023\/03\/IMG_1251-1536x1152.jpg 1536w, https:\/\/www.obdravinji.si\/files\/2023\/03\/IMG_1251-2048x1536.jpg 2048w, https:\/\/www.obdravinji.si\/files\/2023\/03\/IMG_1251-947x710.jpg 947w, https:\/\/www.obdravinji.si\/files\/2023\/03\/IMG_1251-624x468.jpg 624w\" sizes=\"auto, (max-width: 2560px) 100vw, 2560px\" \/><\/a><\/figure>\n\n\n\n<figure class=\"wp-block-image size-full\"><a href=\"https:\/\/www.obdravinji.si\/files\/2023\/03\/IMG_1254-scaled.jpg\"><img loading=\"lazy\" decoding=\"async\" width=\"2560\" height=\"1920\" data-id=\"8564\" src=\"https:\/\/www.obdravinji.si\/files\/2023\/03\/IMG_1254-scaled.jpg\" alt=\"\" class=\"wp-image-8564\" srcset=\"https:\/\/www.obdravinji.si\/files\/2023\/03\/IMG_1254-scaled.jpg 2560w, https:\/\/www.obdravinji.si\/files\/2023\/03\/IMG_1254-300x225.jpg 300w, https:\/\/www.obdravinji.si\/files\/2023\/03\/IMG_1254-1024x768.jpg 1024w, https:\/\/www.obdravinji.si\/files\/2023\/03\/IMG_1254-768x576.jpg 768w, https:\/\/www.obdravinji.si\/files\/2023\/03\/IMG_1254-1536x1152.jpg 1536w, https:\/\/www.obdravinji.si\/files\/2023\/03\/IMG_1254-2048x1536.jpg 2048w, https:\/\/www.obdravinji.si\/files\/2023\/03\/IMG_1254-947x710.jpg 947w, https:\/\/www.obdravinji.si\/files\/2023\/03\/IMG_1254-624x468.jpg 624w\" sizes=\"auto, (max-width: 2560px) 100vw, 2560px\" \/><\/a><\/figure>\n\n\n\n<figure class=\"wp-block-image size-full\"><a href=\"https:\/\/www.obdravinji.si\/files\/2023\/03\/IMG_1262-scaled.jpg\"><img loading=\"lazy\" decoding=\"async\" width=\"2560\" height=\"1920\" data-id=\"8568\" src=\"https:\/\/www.obdravinji.si\/files\/2023\/03\/IMG_1262-scaled.jpg\" alt=\"\" class=\"wp-image-8568\" srcset=\"https:\/\/www.obdravinji.si\/files\/2023\/03\/IMG_1262-scaled.jpg 2560w, https:\/\/www.obdravinji.si\/files\/2023\/03\/IMG_1262-300x225.jpg 300w, https:\/\/www.obdravinji.si\/files\/2023\/03\/IMG_1262-1024x768.jpg 1024w, https:\/\/www.obdravinji.si\/files\/2023\/03\/IMG_1262-768x576.jpg 768w, https:\/\/www.obdravinji.si\/files\/2023\/03\/IMG_1262-1536x1152.jpg 1536w, https:\/\/www.obdravinji.si\/files\/2023\/03\/IMG_1262-2048x1536.jpg 2048w, https:\/\/www.obdravinji.si\/files\/2023\/03\/IMG_1262-947x710.jpg 947w, https:\/\/www.obdravinji.si\/files\/2023\/03\/IMG_1262-624x468.jpg 624w\" sizes=\"auto, (max-width: 2560px) 100vw, 2560px\" \/><\/a><\/figure>\n\n\n\n<figure class=\"wp-block-image size-full\"><a href=\"https:\/\/www.obdravinji.si\/files\/2023\/03\/IMG_1272-scaled.jpg\"><img loading=\"lazy\" decoding=\"async\" width=\"2560\" height=\"1920\" data-id=\"8565\" src=\"https:\/\/www.obdravinji.si\/files\/2023\/03\/IMG_1272-scaled.jpg\" alt=\"\" class=\"wp-image-8565\" srcset=\"https:\/\/www.obdravinji.si\/files\/2023\/03\/IMG_1272-scaled.jpg 2560w, https:\/\/www.obdravinji.si\/files\/2023\/03\/IMG_1272-300x225.jpg 300w, https:\/\/www.obdravinji.si\/files\/2023\/03\/IMG_1272-1024x768.jpg 1024w, https:\/\/www.obdravinji.si\/files\/2023\/03\/IMG_1272-768x576.jpg 768w, https:\/\/www.obdravinji.si\/files\/2023\/03\/IMG_1272-1536x1152.jpg 1536w, https:\/\/www.obdravinji.si\/files\/2023\/03\/IMG_1272-2048x1536.jpg 2048w, https:\/\/www.obdravinji.si\/files\/2023\/03\/IMG_1272-947x710.jpg 947w, https:\/\/www.obdravinji.si\/files\/2023\/03\/IMG_1272-624x468.jpg 624w\" sizes=\"auto, (max-width: 2560px) 100vw, 2560px\" \/><\/a><\/figure>\n\n\n\n<figure class=\"wp-block-image size-full\"><a href=\"https:\/\/www.obdravinji.si\/files\/2023\/03\/IMG_1280-scaled.jpg\"><img loading=\"lazy\" decoding=\"async\" width=\"2560\" height=\"1920\" data-id=\"8566\" src=\"https:\/\/www.obdravinji.si\/files\/2023\/03\/IMG_1280-scaled.jpg\" alt=\"\" class=\"wp-image-8566\" srcset=\"https:\/\/www.obdravinji.si\/files\/2023\/03\/IMG_1280-scaled.jpg 2560w, https:\/\/www.obdravinji.si\/files\/2023\/03\/IMG_1280-300x225.jpg 300w, https:\/\/www.obdravinji.si\/files\/2023\/03\/IMG_1280-1024x768.jpg 1024w, https:\/\/www.obdravinji.si\/files\/2023\/03\/IMG_1280-768x576.jpg 768w, https:\/\/www.obdravinji.si\/files\/2023\/03\/IMG_1280-1536x1152.jpg 1536w, https:\/\/www.obdravinji.si\/files\/2023\/03\/IMG_1280-2048x1536.jpg 2048w, https:\/\/www.obdravinji.si\/files\/2023\/03\/IMG_1280-947x710.jpg 947w, https:\/\/www.obdravinji.si\/files\/2023\/03\/IMG_1280-624x468.jpg 624w\" sizes=\"auto, (max-width: 2560px) 100vw, 2560px\" \/><\/a><\/figure>\n\n\n\n<figure class=\"wp-block-image size-full\"><a href=\"https:\/\/www.obdravinji.si\/files\/2023\/03\/IMG_1285-scaled.jpg\"><img loading=\"lazy\" decoding=\"async\" width=\"1920\" height=\"2560\" data-id=\"8567\" src=\"https:\/\/www.obdravinji.si\/files\/2023\/03\/IMG_1285-scaled.jpg\" alt=\"\" class=\"wp-image-8567\" srcset=\"https:\/\/www.obdravinji.si\/files\/2023\/03\/IMG_1285-scaled.jpg 1920w, https:\/\/www.obdravinji.si\/files\/2023\/03\/IMG_1285-225x300.jpg 225w, https:\/\/www.obdravinji.si\/files\/2023\/03\/IMG_1285-768x1024.jpg 768w, https:\/\/www.obdravinji.si\/files\/2023\/03\/IMG_1285-1152x1536.jpg 1152w, https:\/\/www.obdravinji.si\/files\/2023\/03\/IMG_1285-1536x2048.jpg 1536w, https:\/\/www.obdravinji.si\/files\/2023\/03\/IMG_1285-947x1263.jpg 947w, https:\/\/www.obdravinji.si\/files\/2023\/03\/IMG_1285-624x832.jpg 624w\" sizes=\"auto, (max-width: 1920px) 100vw, 1920px\" \/><\/a><\/figure>\n\n\n\n<figure class=\"wp-block-image size-full\"><a href=\"https:\/\/www.obdravinji.si\/files\/2023\/03\/IMG_1292-scaled.jpg\"><img loading=\"lazy\" decoding=\"async\" width=\"1024\" height=\"768\" data-id=\"8570\" src=\"https:\/\/www.obdravinji.si\/files\/2023\/03\/IMG_1292-1024x768.jpg\" alt=\"\" class=\"wp-image-8570\" srcset=\"https:\/\/www.obdravinji.si\/files\/2023\/03\/IMG_1292-1024x768.jpg 1024w, https:\/\/www.obdravinji.si\/files\/2023\/03\/IMG_1292-300x225.jpg 300w, https:\/\/www.obdravinji.si\/files\/2023\/03\/IMG_1292-768x576.jpg 768w, https:\/\/www.obdravinji.si\/files\/2023\/03\/IMG_1292-1536x1152.jpg 1536w, https:\/\/www.obdravinji.si\/files\/2023\/03\/IMG_1292-2048x1536.jpg 2048w, https:\/\/www.obdravinji.si\/files\/2023\/03\/IMG_1292-947x710.jpg 947w, https:\/\/www.obdravinji.si\/files\/2023\/03\/IMG_1292-624x468.jpg 624w\" sizes=\"auto, (max-width: 1024px) 100vw, 1024px\" \/><\/a><\/figure>\n\n\n\n<figure class=\"wp-block-image size-full\"><a href=\"https:\/\/www.obdravinji.si\/files\/2023\/03\/IMG_1299-scaled.jpg\"><img loading=\"lazy\" decoding=\"async\" width=\"1024\" height=\"768\" data-id=\"8571\" src=\"https:\/\/www.obdravinji.si\/files\/2023\/03\/IMG_1299-1024x768.jpg\" alt=\"\" class=\"wp-image-8571\" srcset=\"https:\/\/www.obdravinji.si\/files\/2023\/03\/IMG_1299-1024x768.jpg 1024w, https:\/\/www.obdravinji.si\/files\/2023\/03\/IMG_1299-300x225.jpg 300w, https:\/\/www.obdravinji.si\/files\/2023\/03\/IMG_1299-768x576.jpg 768w, https:\/\/www.obdravinji.si\/files\/2023\/03\/IMG_1299-1536x1152.jpg 1536w, https:\/\/www.obdravinji.si\/files\/2023\/03\/IMG_1299-2048x1536.jpg 2048w, https:\/\/www.obdravinji.si\/files\/2023\/03\/IMG_1299-947x710.jpg 947w, https:\/\/www.obdravinji.si\/files\/2023\/03\/IMG_1299-624x468.jpg 624w\" sizes=\"auto, (max-width: 1024px) 100vw, 1024px\" \/><\/a><\/figure>\n\n\n\n<figure class=\"wp-block-image size-full\"><a href=\"https:\/\/www.obdravinji.si\/files\/2023\/03\/IMG_1300-scaled.jpg\"><img loading=\"lazy\" decoding=\"async\" width=\"1024\" height=\"768\" data-id=\"8572\" src=\"https:\/\/www.obdravinji.si\/files\/2023\/03\/IMG_1300-1024x768.jpg\" alt=\"\" class=\"wp-image-8572\" srcset=\"https:\/\/www.obdravinji.si\/files\/2023\/03\/IMG_1300-1024x768.jpg 1024w, https:\/\/www.obdravinji.si\/files\/2023\/03\/IMG_1300-300x225.jpg 300w, https:\/\/www.obdravinji.si\/files\/2023\/03\/IMG_1300-768x576.jpg 768w, https:\/\/www.obdravinji.si\/files\/2023\/03\/IMG_1300-1536x1152.jpg 1536w, https:\/\/www.obdravinji.si\/files\/2023\/03\/IMG_1300-2048x1536.jpg 2048w, https:\/\/www.obdravinji.si\/files\/2023\/03\/IMG_1300-947x710.jpg 947w, https:\/\/www.obdravinji.si\/files\/2023\/03\/IMG_1300-624x468.jpg 624w\" sizes=\"auto, (max-width: 1024px) 100vw, 1024px\" \/><\/a><\/figure>\n\n\n\n<figure class=\"wp-block-image size-full\"><a href=\"https:\/\/www.obdravinji.si\/files\/2023\/03\/IMG_1308-scaled.jpg\"><img loading=\"lazy\" decoding=\"async\" width=\"1024\" height=\"768\" data-id=\"8573\" src=\"https:\/\/www.obdravinji.si\/files\/2023\/03\/IMG_1308-1024x768.jpg\" alt=\"\" class=\"wp-image-8573\" srcset=\"https:\/\/www.obdravinji.si\/files\/2023\/03\/IMG_1308-1024x768.jpg 1024w, https:\/\/www.obdravinji.si\/files\/2023\/03\/IMG_1308-300x225.jpg 300w, https:\/\/www.obdravinji.si\/files\/2023\/03\/IMG_1308-768x576.jpg 768w, https:\/\/www.obdravinji.si\/files\/2023\/03\/IMG_1308-1536x1152.jpg 1536w, https:\/\/www.obdravinji.si\/files\/2023\/03\/IMG_1308-2048x1536.jpg 2048w, https:\/\/www.obdravinji.si\/files\/2023\/03\/IMG_1308-947x710.jpg 947w, https:\/\/www.obdravinji.si\/files\/2023\/03\/IMG_1308-624x468.jpg 624w\" sizes=\"auto, (max-width: 1024px) 100vw, 1024px\" \/><\/a><\/figure>\n<\/figure>\n\n\n\n<p class=\"has-luminous-vivid-orange-color has-text-color\"><strong>MNENJA U\u010cENCEV O FIT PEDAGOGIKI<\/strong><\/p>\n\n\n\n<p class=\"has-luminous-vivid-orange-color has-text-color has-background\" style=\"background-color:#f5e4b2\">Ema, 5. a: &#8220;Meni je pri izvajanju FIT metod najbolj v\u0161e\u010d, da si ve\u010dzapomnimo in \u010das hitreje mine. Zdi se mi, da odkar uporabljamo FIT metode snov \u0161e bolje razumem kot prej. Rada Izvajam FIT metode, ker menim, da je to zdravo za moje zdravje in za moj u\u010dni uspeh&#8221;.<\/p>\n\n\n\n<p class=\"has-vivid-red-color has-text-color has-background\" style=\"background-color:#9ccdf7\">Pika, 5. a: &#8220;FIT aktivne metode so mi v\u0161e\u010d, saj ko se z njimi u\u010dim, mi je bolj zabavno, ve\u010d si zapomnim in ne pade mi koncentracija. Ko se v \u0161oli u\u010dimo s FIT aktivnimi metodami, je zabavno in potem imamo bolj\u0161e ocene in znanje&#8221;.<\/p>\n\n\n\n<p class=\"has-light-green-cyan-background-color has-text-color has-background\" style=\"color:#5430e3\">Daniel, 5. a: &#8220;Meni je pri FITU v\u0161e\u010d to, da je pouk bolj zanimiv, hitreje mi mine, bolj je razgiban. Ve\u010d lahko delamo v parih. Se dru\u017eimo&#8221;.<\/p>\n\n\n\n<p class=\"has-text-color has-background\" style=\"background-color:#fffceb;color:#ff6d92\">Miha, 5. a: &#8220;Meni je u\u010denje s FIT metodami v\u0161e\u010d. V\u0161e\u010d mi je zato, ker smo lahko v gibanju in smo lahko svobodni. Vem pa tudi, da \u010de smo v gibanju, si lahko mo\u017egani ve\u010d in hitreje zapomnijo. Je pa tudi u\u010denje in ponavljanje snovi s FIT metodami bolj u\u010dinkovito in bolj zabavno&#8221;.<\/p>\n\n\n\n<p class=\"has-black-color has-text-color has-background\" style=\"background-color:#ff8383\">\u017diva, 5. a: &#8220;V\u0161e\u010d so mi FIT vaje med poukom, ker \u010das hitro mine in je enostavno bolj zabavno, da ne samo sedimo med poukom. Zanimivo ej tudi, koliko razli\u010dnih FIT metod sploh je! Nekatera imena so pa tudi kar sme\u0161na, kar je tudi zabavno. Zdi se mi, da FIT res deluje na mo\u017egane, kar je super&#8221;!<\/p>\n\n\n\n<p class=\"has-vivid-purple-color has-text-color has-background\" style=\"background-color:#d3fffa\">Jure, 5. c: &#8220;FIT metode so mi v\u0161e\u010d, ker se pri njih veliko gibamo in si tako la\u017eje zapomnimo.&#8221;<\/p>\n\n\n\n<p class=\"has-text-color has-background\" style=\"background-color:#c5ed76;color:#019eff\">Anja, 5. c: &#8220;FIT metode so mi v\u0161e\u010d, ker je u\u010denje z njimi bolj zabavno, ker si z njimi hitreje zapomnim snov, katero se u\u010dimo.&#8221;<\/p>\n\n\n\n<p class=\"has-white-color has-vivid-red-background-color has-text-color has-background\">Tadej, 5. c: &#8220;FIT metode so mi v\u0161e\u010d, ker takrat ne rabim sedeti in prepisovati s table.&#8221;<\/p>\n\n\n\n<p class=\"has-cyan-bluish-gray-color has-vivid-purple-background-color has-text-color has-background\">Liam, 5. c: &#8220;V\u0161e\u010d so mi zaradi tega, ker ne samo sedi\u0161 in pi\u0161e\u0161, ampak te\u010de\u0161, hodi\u0161, se giba\u0161 med poukom.&#8221;<\/p>\n\n\n\n<p class=\"has-text-color has-background\" style=\"background-color:#ffd694;color:#3429f6\">Tim, 8. b: &#8220;FIT pedagogika mi je v\u0161e\u010d, saj po\u017eene kri po telesu in me spodbudi k razmi\u0161ljanju.&#8221;<\/p>\n\n\n\n<p class=\"has-vivid-green-cyan-color has-text-color has-background\" style=\"background-color:#e4e4e4\">Nia, 8. c: &#8220;FIT pedagogika mi je v\u0161e\u010d, saj nisem tako u\u010dno uspe\u0161na in mi take vaje zelo pomagajo.&#8221;<\/p>\n\n\n\n<p class=\"has-vivid-cyan-blue-color has-text-color has-background\" style=\"background-color:#d9ffe8\">D\u017eenana, 8. c: &#8220;Kadar imamo veliko FIT ur, si la\u017eje zapomnim stvari in veliko bolj zabavno je. \u017delim si imeti veliko FIT ur.&#8221;<\/p>\n\n\n\n<figure class=\"wp-block-image size-large\"><img loading=\"lazy\" decoding=\"async\" width=\"1024\" height=\"717\" src=\"https:\/\/www.obdravinji.si\/files\/2023\/03\/Screenshot-2023-03-28-at-10.40.17-1024x717.png\" alt=\"\" class=\"wp-image-8618\" srcset=\"https:\/\/www.obdravinji.si\/files\/2023\/03\/Screenshot-2023-03-28-at-10.40.17-1024x717.png 1024w, https:\/\/www.obdravinji.si\/files\/2023\/03\/Screenshot-2023-03-28-at-10.40.17-300x210.png 300w, https:\/\/www.obdravinji.si\/files\/2023\/03\/Screenshot-2023-03-28-at-10.40.17-768x538.png 768w, https:\/\/www.obdravinji.si\/files\/2023\/03\/Screenshot-2023-03-28-at-10.40.17-947x663.png 947w, https:\/\/www.obdravinji.si\/files\/2023\/03\/Screenshot-2023-03-28-at-10.40.17-624x437.png 624w, https:\/\/www.obdravinji.si\/files\/2023\/03\/Screenshot-2023-03-28-at-10.40.17.png 1422w\" sizes=\"auto, (max-width: 1024px) 100vw, 1024px\" \/><\/figure>\n","protected":false},"excerpt":{"rendered":"<p>Fit pedagogika&#8230; za prihodnost na\u0161ih otrok Sodobna strategija u\u010denja in pou\u010devanja, katere temelj se skriva v besedi Fit (biti v dobri psihofizi\u010dni kondiciji). Zajema u\u010dne pristope, s katerimi dosegamo pri u\u010de\u010demu v procesu u\u010denja psihofizi\u010dno ravnovesje in s tem omogo\u010damo kakovostnej\u0161e u\u010denje. Fit pedagogika postavlja v ospredje u\u010denje v gibanju, gibanje skozi igro in funkcionalno raven znanja. V u\u010dne metode vklju\u010duje vse vidike posameznikovega razvoja, tako motori\u010dnega, kognitivnega, osebnostnega, socialnega, \u010dustvenega in telesnega. Razvoj in u\u010denje otrok poteka celostno in zahteva harmoni\u010den pristop k vsem omenjenim podro\u010djem, prav ta pristop pa je v ospredju pri filozofiji Fit pedagogike, saj se [&hellip;]<\/p>\n","protected":false},"author":35617,"featured_media":0,"parent":0,"menu_order":0,"comment_status":"closed","ping_status":"closed","template":"","meta":{"footnotes":""},"class_list":["post-8161","page","type-page","status-publish","hentry"],"_links":{"self":[{"href":"https:\/\/www.obdravinji.si\/index.php?rest_route=\/wp\/v2\/pages\/8161","targetHints":{"allow":["GET"]}}],"collection":[{"href":"https:\/\/www.obdravinji.si\/index.php?rest_route=\/wp\/v2\/pages"}],"about":[{"href":"https:\/\/www.obdravinji.si\/index.php?rest_route=\/wp\/v2\/types\/page"}],"author":[{"embeddable":true,"href":"https:\/\/www.obdravinji.si\/index.php?rest_route=\/wp\/v2\/users\/35617"}],"replies":[{"embeddable":true,"href":"https:\/\/www.obdravinji.si\/index.php?rest_route=%2Fwp%2Fv2%2Fcomments&post=8161"}],"version-history":[{"count":22,"href":"https:\/\/www.obdravinji.si\/index.php?rest_route=\/wp\/v2\/pages\/8161\/revisions"}],"predecessor-version":[{"id":8864,"href":"https:\/\/www.obdravinji.si\/index.php?rest_route=\/wp\/v2\/pages\/8161\/revisions\/8864"}],"wp:attachment":[{"href":"https:\/\/www.obdravinji.si\/index.php?rest_route=%2Fwp%2Fv2%2Fmedia&parent=8161"}],"curies":[{"name":"wp","href":"https:\/\/api.w.org\/{rel}","templated":true}]}}