{"id":7819,"date":"2022-11-28T18:06:47","date_gmt":"2022-11-28T17:06:47","guid":{"rendered":"https:\/\/osobdravinji.splet.arnes.si\/?page_id=7819"},"modified":"2023-04-05T10:04:56","modified_gmt":"2023-04-05T08:04:56","slug":"podruznica-tepanje","status":"publish","type":"page","link":"https:\/\/www.obdravinji.si\/?page_id=7819","title":{"rendered":"Podru\u017enica Tepanje"},"content":{"rendered":"\n<figure class=\"wp-block-image size-large\"><img loading=\"lazy\" decoding=\"async\" width=\"1024\" height=\"460\" src=\"https:\/\/www.obdravinji.si\/files\/2023\/03\/IMG_20220915_192048-1024x460.jpg\" alt=\"\" class=\"wp-image-8649\" srcset=\"https:\/\/www.obdravinji.si\/files\/2023\/03\/IMG_20220915_192048-1024x460.jpg 1024w, https:\/\/www.obdravinji.si\/files\/2023\/03\/IMG_20220915_192048-300x135.jpg 300w, https:\/\/www.obdravinji.si\/files\/2023\/03\/IMG_20220915_192048-768x345.jpg 768w, https:\/\/www.obdravinji.si\/files\/2023\/03\/IMG_20220915_192048-1536x690.jpg 1536w, https:\/\/www.obdravinji.si\/files\/2023\/03\/IMG_20220915_192048-2048x920.jpg 2048w, https:\/\/www.obdravinji.si\/files\/2023\/03\/IMG_20220915_192048-947x425.jpg 947w, https:\/\/www.obdravinji.si\/files\/2023\/03\/IMG_20220915_192048-624x280.jpg 624w\" sizes=\"auto, (max-width: 1024px) 100vw, 1024px\" \/><\/figure>\n\n\n\n<p><\/p>\n\n\n\n<div class=\"wp-block-columns is-layout-flex wp-container-core-columns-is-layout-9d6595d7 wp-block-columns-is-layout-flex\">\n<div class=\"wp-block-column is-layout-flow wp-block-column-is-layout-flow\">\n<div class=\"wp-block-group has-background is-vertical is-layout-flex wp-container-core-group-is-layout-8cf370e7 wp-block-group-is-layout-flex\" style=\"background-color:#faf5de\">\n<h3 class=\"has-medium-font-size wp-block-heading\" style=\"font-style:normal;font-weight:700;letter-spacing:rem\">\u0160OLSKI ZVONEC<\/h3>\n\n\n\n<h6 class=\"has-small-font-size wp-block-heading\" style=\"font-style:normal;font-weight:600;letter-spacing:rem\">0. ura: 07.30 \u2013 08.15<br>1. ura: 08.20 \u2013 09.05<br>    MALICA (1. r, 2. r, 3. r in 4. r)<\/h6>\n\n\n\n<h6 class=\"has-small-font-size wp-block-heading\" style=\"font-style:normal;font-weight:600;letter-spacing:rem\">2. ura: 09.10 \u2013 09.55<\/h6>\n\n\n\n<h6 class=\"has-small-font-size wp-block-heading\" style=\"font-style:normal;font-weight:600;letter-spacing:rem\">     MALICA (5. r)<br>3. ura: 10.15 \u2013 11.00<br>4. ura: 11.05 \u2013 11.50<br>5. ura: 11.55 \u2013 12.40<br>6. ura: 12.45 \u2013 13.30<br>7. ura: 13.35 \u2013 14.20<br>8. ura: 14.25 \u2013 15.10<br>9. ura: 15.15 \u2013 16.00<\/h6>\n<\/div>\n<\/div>\n\n\n\n<div class=\"wp-block-column is-layout-flow wp-block-column-is-layout-flow\">\n<div class=\"wp-block-group has-background is-vertical is-layout-flex wp-container-core-group-is-layout-8cf370e7 wp-block-group-is-layout-flex\" style=\"background-color:#e3fbff\">\n<p class=\"has-medium-font-size\" style=\"font-style:normal;font-weight:700\">KONTAKT<\/p>\n\n\n\n<h6 class=\"wp-block-heading\" style=\"font-size:16px;font-style:normal;font-weight:700\">PODRU\u017dNICA TEPANJE<\/h6>\n\n\n\n<h6 class=\"wp-block-heading\" style=\"font-size:16px;font-style:normal;font-weight:600\">Tepanje 28c<\/h6>\n\n\n\n<h6 class=\"wp-block-heading\" style=\"font-size:16px;font-style:normal;font-weight:600\">3210 Slovenske Konjice<\/h6>\n\n\n\n<h6 class=\"wp-block-heading\" style=\"font-size:16px;font-style:normal;font-weight:600\">t: 03 575 54 55<\/h6>\n\n\n\n<h6 class=\"wp-block-heading\" style=\"font-size:16px;font-style:normal;font-weight:600\">e:&nbsp;<a href=\"mailto:tina.buric@obdravinji.si\">tina.buric@obdravinji.si<\/a><\/h6>\n\n\n\n<hr class=\"wp-block-separator has-alpha-channel-opacity\" \/>\n\n\n\n<hr class=\"wp-block-separator has-alpha-channel-opacity\" \/>\n\n\n\n<h6 class=\"wp-block-heading\" style=\"font-size:16px;font-style:normal;font-weight:700\"><strong>OSNOVNA \u0160OLA OB DRAVINJI<\/strong><\/h6>\n\n\n\n<h6 class=\"wp-block-heading\" style=\"font-size:16px;font-style:normal;font-weight:600\">Ulica Du\u0161ana Jereba 1<\/h6>\n\n\n\n<h6 class=\"wp-block-heading\" style=\"font-size:16px;font-style:normal;font-weight:600\">3210 Slovenske Konjice<\/h6>\n\n\n\n<h6 class=\"wp-block-heading\" style=\"font-size:16px;font-style:normal;font-weight:600\">t: 03 757 27 30<\/h6>\n\n\n\n<h6 class=\"wp-block-heading\" style=\"font-size:16px;font-style:normal;font-weight:600\">f: 03 757 27 35<\/h6>\n\n\n\n<h6 class=\"wp-block-heading\" style=\"font-size:16px;font-style:normal;font-weight:600\">e:&nbsp;<a href=\"mailto:info@osobdravinji.si\">info@osobdravinji.si<\/a><\/h6>\n\n\n\n<h3 class=\"wp-block-heading\" style=\"font-size:16px;font-style:normal;font-weight:600\"><\/h3>\n\n\n\n<h6 class=\"wp-block-heading\"><\/h6>\n<\/div>\n<\/div>\n<\/div>\n","protected":false},"excerpt":{"rendered":"<p>\u0160OLSKI ZVONEC 0. ura: 07.30 \u2013 08.151. ura: 08.20 \u2013 09.05 MALICA (1. r, 2. r, 3. r in 4. r) 2. ura: 09.10 \u2013 09.55 MALICA (5. r)3. ura: 10.15 \u2013 11.004. ura: 11.05 \u2013 11.505. ura: 11.55 \u2013 12.406. ura: 12.45 \u2013 13.307. ura: 13.35 \u2013 14.208. ura: 14.25 \u2013 15.109. ura: 15.15 \u2013 16.00 KONTAKT PODRU\u017dNICA TEPANJE Tepanje 28c 3210 Slovenske Konjice t: 03 575 54 55 e:&nbsp;tina.buric@obdravinji.si OSNOVNA \u0160OLA OB DRAVINJI Ulica Du\u0161ana Jereba 1 3210 Slovenske Konjice t: 03 757 27 30 f: 03 757 27 35 e:&nbsp;info@osobdravinji.si<\/p>\n","protected":false},"author":35617,"featured_media":0,"parent":0,"menu_order":0,"comment_status":"closed","ping_status":"closed","template":"","meta":{"footnotes":""},"class_list":["post-7819","page","type-page","status-publish","hentry"],"_links":{"self":[{"href":"https:\/\/www.obdravinji.si\/index.php?rest_route=\/wp\/v2\/pages\/7819","targetHints":{"allow":["GET"]}}],"collection":[{"href":"https:\/\/www.obdravinji.si\/index.php?rest_route=\/wp\/v2\/pages"}],"about":[{"href":"https:\/\/www.obdravinji.si\/index.php?rest_route=\/wp\/v2\/types\/page"}],"author":[{"embeddable":true,"href":"https:\/\/www.obdravinji.si\/index.php?rest_route=\/wp\/v2\/users\/35617"}],"replies":[{"embeddable":true,"href":"https:\/\/www.obdravinji.si\/index.php?rest_route=%2Fwp%2Fv2%2Fcomments&post=7819"}],"version-history":[{"count":16,"href":"https:\/\/www.obdravinji.si\/index.php?rest_route=\/wp\/v2\/pages\/7819\/revisions"}],"predecessor-version":[{"id":8847,"href":"https:\/\/www.obdravinji.si\/index.php?rest_route=\/wp\/v2\/pages\/7819\/revisions\/8847"}],"wp:attachment":[{"href":"https:\/\/www.obdravinji.si\/index.php?rest_route=%2Fwp%2Fv2%2Fmedia&parent=7819"}],"curies":[{"name":"wp","href":"https:\/\/api.w.org\/{rel}","templated":true}]}}