{"id":15,"date":"2019-09-02T06:43:00","date_gmt":"2019-09-02T05:43:00","guid":{"rendered":"http:\/\/osobdravinji.splet.arnes.si\/?page_id=15"},"modified":"2024-02-19T12:16:04","modified_gmt":"2024-02-19T11:16:04","slug":"kontakt","status":"publish","type":"page","link":"https:\/\/www.obdravinji.si\/?page_id=15","title":{"rendered":"Kontakt"},"content":{"rendered":"<p style=\"text-align: center\">&#8212;&#8212;&#8212;&#8212;&#8212;&#8212;&#8212;&#8212;&#8212;&#8212;&#8212;&#8212;&#8212;&#8212;&#8212;&#8212;&#8212;&#8212;&#8212;&#8212;&#8212;&#8212;&#8212;&#8212;&#8212;&#8212;&#8212;&#8212;&#8212;&#8212;&#8212;&#8212;&#8212;&#8212;&#8212;&#8212;&#8212;&#8212;&#8212;&#8212;-<\/p>\n<p style=\"text-align: center\"><strong>OSNOVNA \u0160OLA OB DRAVINJI<\/strong><\/p>\n<p style=\"text-align: center\">Ulica Du\u0161ana Jereba 1<\/p>\n<p style=\"text-align: center\">3210 Slovenske Konjice<\/p>\n<p style=\"text-align: center\">t: 03 757 27 30<\/p>\n<p style=\"text-align: center\">f: 03 757 27 35<\/p>\n<p style=\"text-align: center\">e:\u00a0<a href=\"mailto:info@osobdravinji.si\">info@osobdravinji.si<\/a><\/p>\n<p style=\"text-align: center\">Dav\u010dna \u0161t.: SI11833173<\/p>\n<p style=\"text-align: center\">Mati\u010dna \u0161t.: 5089441000<\/p>\n<p style=\"text-align: center\">TRR: SI56 0131 4603 0680 725<\/p>\n<p style=\"text-align: center\">&#8212;&#8212;&#8212;&#8212;&#8212;&#8212;&#8212;&#8212;&#8212;&#8212;&#8212;&#8212;&#8212;&#8212;&#8212;&#8212;&#8212;&#8212;&#8212;&#8212;&#8212;&#8212;&#8212;&#8212;&#8212;&#8212;&#8212;&#8212;&#8212;&#8212;&#8212;&#8212;&#8212;&#8212;&#8212;&#8212;&#8212;&#8212;&#8212;&#8212;-<\/p>\n<p style=\"text-align: center\"><strong>OSNOVNA \u0160OLA OB DRAVINJI, PODRU\u017dNICA TEPANJE<\/strong><\/p>\n<p style=\"text-align: center\">Tepanje 28c<\/p>\n<p style=\"text-align: center\">3210 Slovenske Konjice<\/p>\n<p style=\"text-align: center\">t: 03 575 54 55<\/p>\n<p style=\"text-align: center\">e: <a href=\"mailto:tina.buric@obdravinji.si\">tina.buric@obdravinji.si<\/a><\/p>\n<p style=\"text-align: center\">&#8212;&#8212;&#8212;&#8212;&#8212;&#8212;&#8212;&#8212;&#8212;&#8212;&#8212;&#8212;&#8212;&#8212;&#8212;&#8212;&#8212;&#8212;&#8212;&#8212;&#8212;&#8212;&#8212;&#8212;&#8212;&#8212;&#8212;&#8212;&#8212;&#8212;&#8212;&#8212;&#8212;&#8212;&#8212;&#8212;&#8212;&#8212;&#8212;&#8212;-<\/p>\n<p style=\"text-align: center\"><strong>TAJNI\u0160TVO\/POSLOVNA SEKRETARKA:<\/strong><\/p>\n<p style=\"text-align: center\">Zorica \u0160ket, dipl. ekon.<\/p>\n<p style=\"text-align: center\">t: 03 757 27 31<\/p>\n<p style=\"text-align: center\">e:\u00a0<a href=\"mailto:info@osobdravinji.si\">info@osobdravinji.si<\/a><\/p>\n<p style=\"text-align: center\">e:\u00a0<a href=\"mailto:zorica.sket@osobdravinji.si\">zorica.sket@osobdravinji.si<\/a><\/p>\n<p style=\"text-align: center\"><em>Tajni\u0161tvo posluje v okviru uradnih ur:<\/em><br \/>\n<em>&#8211; od 7.15 do 8.30<\/em><br \/>\n<em>&#8211; od 11.35 do 13.20\u00a0\u00a0<\/em><br \/>\n<em>Uradne ure veljajo za u\u010dence, star\u0161e in ostale zunanje obiskovalce.<\/em><br \/>\n<em>Blagajna za pla\u010dilo polo\u017enic in ostalega bo poslovala v \u010dasu uradnih ur.<\/em><\/p>\n<p style=\"text-align: center\">&#8212;&#8212;&#8212;&#8212;&#8212;&#8212;&#8212;&#8212;&#8212;&#8212;&#8212;&#8212;&#8212;&#8212;&#8212;&#8212;&#8212;&#8212;&#8212;&#8212;&#8212;&#8212;&#8212;&#8212;&#8212;&#8212;&#8212;&#8212;&#8212;&#8212;&#8212;&#8212;&#8212;&#8212;&#8212;&#8212;&#8212;&#8212;&#8212;&#8212;-<\/p>\n<p style=\"text-align: center\"><strong>RAVNATELJICA:<\/strong><\/p>\n<p style=\"text-align: center\">mag. Nevenka Brdnik<\/p>\n<p style=\"text-align: center\">T: 03 757 27 40<\/p>\n<p style=\"text-align: center\">e:\u00a0<a href=\"mailto:nevenka.brdnik@osobdravinji.si\">nevenka.brdnik@osobdravinji.si<\/a><\/p>\n<p style=\"text-align: center\"><strong>POMO\u010cNICA RAVNATELJICE:<\/strong><\/p>\n<p style=\"text-align: center\">Anita Vrtovec<\/p>\n<p style=\"text-align: center\">t: 03 757 27 41<\/p>\n<p style=\"text-align: center\">e: <a href=\"mailto:anita.vrtovec@obdravinji.si\">anita.vrtovec@obdravinji.si<\/a><\/p>\n<p style=\"text-align: center\">&#8212;&#8212;&#8212;&#8212;&#8212;&#8212;&#8212;&#8212;&#8212;&#8212;&#8212;&#8212;&#8212;&#8212;&#8212;&#8212;&#8212;&#8212;&#8212;&#8212;&#8212;&#8212;&#8212;&#8212;&#8212;&#8212;&#8212;&#8212;&#8212;&#8212;&#8212;&#8212;&#8212;&#8212;&#8212;&#8212;&#8212;&#8212;&#8212;&#8212;-<\/p>\n<p style=\"text-align: center\"><strong>ZBORNICA:<\/strong><\/p>\n<p style=\"text-align: center\">t: 03 757 27 45<\/p>\n<p style=\"text-align: center\">&#8212;&#8212;&#8212;&#8212;&#8212;&#8212;&#8212;&#8212;&#8212;&#8212;&#8212;&#8212;&#8212;&#8212;&#8212;&#8212;&#8212;&#8212;&#8212;&#8212;&#8212;&#8212;&#8212;&#8212;&#8212;&#8212;&#8212;&#8212;&#8212;&#8212;&#8212;&#8212;&#8212;&#8212;&#8212;&#8212;&#8212;&#8212;&#8212;&#8212;-<\/p>\n<p style=\"text-align: center\"><strong>SVETOVALNA DELAVKA:<\/strong><\/p>\n<p style=\"text-align: center\">Ingrid Dorner Radosavljevi\u0107, univ. dipl. soc. del<\/p>\n<p style=\"text-align: center\">t: 03 757 27 33<\/p>\n<p style=\"text-align: center\">e: <a href=\"mailto:svetovalna.sluzba@obdravinji.si\">svetovalna.sluzba@obdravinji.si<\/a><\/p>\n<p style=\"text-align: center\">&#8212;&#8212;&#8212;&#8212;&#8212;&#8212;&#8212;&#8212;&#8212;&#8212;&#8212;&#8212;&#8212;&#8212;&#8212;&#8212;&#8212;&#8212;&#8212;&#8212;&#8212;&#8212;&#8212;&#8212;&#8212;&#8212;&#8212;&#8212;&#8212;&#8212;&#8212;&#8212;&#8212;&#8212;&#8212;&#8212;&#8212;&#8212;&#8212;&#8212;-<\/p>\n<p style=\"text-align: center\"><strong>RA\u010cUNALNI\u0160TVO:<\/strong><\/p>\n<p style=\"text-align: center\">Mihael Stampfer, prof.<\/p>\n<p style=\"text-align: center\">t: 03 757 27 32<\/p>\n<p style=\"text-align: center\">e: <a href=\"mailto:mihael.stampfer@obdravinji.si\">mihael.stampfer@obdravinji.si<\/a><\/p>\n<p style=\"text-align: center\">&#8212;&#8212;&#8212;&#8212;&#8212;&#8212;&#8212;&#8212;&#8212;&#8212;&#8212;&#8212;&#8212;&#8212;&#8212;&#8212;&#8212;&#8212;&#8212;&#8212;&#8212;&#8212;&#8212;&#8212;&#8212;&#8212;&#8212;&#8212;&#8212;&#8212;&#8212;&#8212;&#8212;&#8212;&#8212;&#8212;&#8212;&#8212;&#8212;&#8212;-<\/p>\n<p style=\"text-align: center\"><strong>KNJI\u017dNICA:<\/strong><\/p>\n<p style=\"text-align: center\">Primo\u017e Krivec,\u00a0uni. dipl. bibl.<\/p>\n<p style=\"text-align: center\">t: 03 757 27 34<\/p>\n<p style=\"text-align: center\">e:\u00a0<a href=\"mailto:primoz.krivec@obdravinji.si\">primoz.krivec@obdravinji.si<\/a><\/p>\n<p style=\"text-align: center\">&#8212;&#8212;&#8212;&#8212;&#8212;&#8212;&#8212;&#8212;&#8212;&#8212;&#8212;&#8212;&#8212;&#8212;&#8212;&#8212;&#8212;&#8212;&#8212;&#8212;&#8212;&#8212;&#8212;&#8212;&#8212;&#8212;&#8212;&#8212;&#8212;&#8212;&#8212;&#8212;&#8212;&#8212;&#8212;&#8212;&#8212;&#8212;&#8212;&#8212;-<\/p>\n<p style=\"text-align: center\"><strong>RA\u010cUNOVODSTVO:<\/strong><\/p>\n<p style=\"text-align: center\">Brigita Hribernik, dipl. ekon.<\/p>\n<p style=\"text-align: center\">t: 03 757 27 42<\/p>\n<p style=\"text-align: center\">e:\u00a0<a href=\"mailto:brigita.hribernik@osobdravinji.si\">brigita.hribernik@osobdravinji.si<\/a><\/p>\n<p style=\"text-align: center\">&#8212;&#8212;&#8212;&#8212;&#8212;&#8212;&#8212;&#8212;&#8212;&#8212;&#8212;&#8212;&#8212;&#8212;&#8212;&#8212;&#8212;&#8212;&#8212;&#8212;&#8212;&#8212;&#8212;&#8212;&#8212;&#8212;&#8212;&#8212;&#8212;&#8212;&#8212;&#8212;&#8212;&#8212;&#8212;&#8212;&#8212;&#8212;&#8212;&#8212;-<\/p>\n<p style=\"text-align: center\"><strong>KUHINJA:<\/strong><\/p>\n<p style=\"text-align: center\">Sabina Urlep<\/p>\n<p style=\"text-align: center\">t: 03 757 27 38<\/p>\n<p style=\"text-align: center\">&#8212;&#8212;&#8212;&#8212;&#8212;&#8212;&#8212;&#8212;&#8212;&#8212;&#8212;&#8212;&#8212;&#8212;&#8212;&#8212;&#8212;&#8212;&#8212;&#8212;&#8212;&#8212;&#8212;&#8212;&#8212;&#8212;&#8212;&#8212;&#8212;&#8212;&#8212;&#8212;&#8212;&#8212;&#8212;&#8212;&#8212;&#8212;&#8212;&#8212;-<\/p>\n<p style=\"text-align: center\"><strong>ZOBNA AMBULANTA:<\/strong><br \/>\nAleksandra Jan-Ledl, dr.<br \/>\nt: 03 758 16 90<br \/>\ne:\u00a0<a href=\"mailto:zobna.obdravinji@zd-slovenskekonjice.si\">zobna.obdravinji@zd-slovenskekonjice.si<\/a><\/p>\n<p style=\"text-align: center\">&#8212;&#8212;&#8212;&#8212;&#8212;&#8212;&#8212;&#8212;&#8212;&#8212;&#8212;&#8212;&#8212;&#8212;&#8212;&#8212;&#8212;&#8212;&#8212;&#8212;&#8212;&#8212;&#8212;&#8212;&#8212;&#8212;&#8212;&#8212;&#8212;&#8212;&#8212;&#8212;&#8212;&#8212;&#8212;&#8212;&#8212;&#8212;&#8212;&#8212;-<\/p>\n","protected":false},"excerpt":{"rendered":"<p>&#8212;&#8212;&#8212;&#8212;&#8212;&#8212;&#8212;&#8212;&#8212;&#8212;&#8212;&#8212;&#8212;&#8212;&#8212;&#8212;&#8212;&#8212;&#8212;&#8212;&#8212;&#8212;&#8212;&#8212;&#8212;&#8212;&#8212;&#8212;&#8212;&#8212;&#8212;&#8212;&#8212;&#8212;&#8212;&#8212;&#8212;&#8212;&#8212;&#8212;- OSNOVNA \u0160OLA OB DRAVINJI Ulica Du\u0161ana Jereba 1 3210 Slovenske Konjice t: 03 757 27 30 f: 03 757 27 35 e:\u00a0info@osobdravinji.si Dav\u010dna \u0161t.: SI11833173 Mati\u010dna \u0161t.: 5089441000 TRR: SI56 0131 4603 0680 725 &#8212;&#8212;&#8212;&#8212;&#8212;&#8212;&#8212;&#8212;&#8212;&#8212;&#8212;&#8212;&#8212;&#8212;&#8212;&#8212;&#8212;&#8212;&#8212;&#8212;&#8212;&#8212;&#8212;&#8212;&#8212;&#8212;&#8212;&#8212;&#8212;&#8212;&#8212;&#8212;&#8212;&#8212;&#8212;&#8212;&#8212;&#8212;&#8212;&#8212;- OSNOVNA \u0160OLA OB DRAVINJI, PODRU\u017dNICA TEPANJE Tepanje 28c 3210 Slovenske Konjice t: 03 575 54 55 e: tina.buric@obdravinji.si &#8212;&#8212;&#8212;&#8212;&#8212;&#8212;&#8212;&#8212;&#8212;&#8212;&#8212;&#8212;&#8212;&#8212;&#8212;&#8212;&#8212;&#8212;&#8212;&#8212;&#8212;&#8212;&#8212;&#8212;&#8212;&#8212;&#8212;&#8212;&#8212;&#8212;&#8212;&#8212;&#8212;&#8212;&#8212;&#8212;&#8212;&#8212;&#8212;&#8212;- TAJNI\u0160TVO\/POSLOVNA SEKRETARKA: Zorica \u0160ket, dipl. ekon. t: 03 757 27 31 e:\u00a0info@osobdravinji.si e:\u00a0zorica.sket@osobdravinji.si Tajni\u0161tvo posluje v okviru uradnih ur: &#8211; od 7.15 do 8.30 &#8211; od 11.35 do 13.20\u00a0\u00a0 Uradne ure veljajo za u\u010dence, star\u0161e in ostale zunanje obiskovalce. Blagajna za pla\u010dilo polo\u017enic in ostalega [&hellip;]<\/p>\n","protected":false},"author":34631,"featured_media":0,"parent":0,"menu_order":0,"comment_status":"closed","ping_status":"closed","template":"","meta":{"footnotes":""},"class_list":["post-15","page","type-page","status-publish","hentry"],"_links":{"self":[{"href":"https:\/\/www.obdravinji.si\/index.php?rest_route=\/wp\/v2\/pages\/15","targetHints":{"allow":["GET"]}}],"collection":[{"href":"https:\/\/www.obdravinji.si\/index.php?rest_route=\/wp\/v2\/pages"}],"about":[{"href":"https:\/\/www.obdravinji.si\/index.php?rest_route=\/wp\/v2\/types\/page"}],"author":[{"embeddable":true,"href":"https:\/\/www.obdravinji.si\/index.php?rest_route=\/wp\/v2\/users\/34631"}],"replies":[{"embeddable":true,"href":"https:\/\/www.obdravinji.si\/index.php?rest_route=%2Fwp%2Fv2%2Fcomments&post=15"}],"version-history":[{"count":14,"href":"https:\/\/www.obdravinji.si\/index.php?rest_route=\/wp\/v2\/pages\/15\/revisions"}],"predecessor-version":[{"id":11056,"href":"https:\/\/www.obdravinji.si\/index.php?rest_route=\/wp\/v2\/pages\/15\/revisions\/11056"}],"wp:attachment":[{"href":"https:\/\/www.obdravinji.si\/index.php?rest_route=%2Fwp%2Fv2%2Fmedia&parent=15"}],"curies":[{"name":"wp","href":"https:\/\/api.w.org\/{rel}","templated":true}]}}